. List the prime factors of c(-56).
2, 4561
List the prime factors of (-279565)/(-20) + 0 - (-1 - (-10)/8).
2, 29, 241
Let s(n) = n**2 + n - 17. Let k be s(3). Let h be 2/k - ((-7)/5 + -4). Suppose -828 = -11*t + h*t. What are the prime factors of t?
2, 3, 23
Suppose -60 = -8*v - 28. Suppose -5*t + 155 = d + v*d, -4*d + 4 = 0. Suppose 0 = -4*f - 12, f - 348 = -3*r - t. What are the prime factors of r?
107
Suppose -4*o = 4*r - 48, 3*r - 33 = 3*o - 5*o. Suppose r*q = -0*q + 7227. What are the prime factors of q?
11, 73
Let z be 19817/(4 + 3) + 7. Suppose -27*n + 5*n + z = 0. List the prime factors of n.
3, 43
Suppose -174*b = -200*b. Let u = 18 - 13. Suppose p - 3*p = b, -u*c + 30 = -5*p. List the prime factors of c.
2, 3
Let p(n) = n**3 + 60*n**2 + 95*n + 887. List the prime factors of p(-57).
17, 307
Let n(p) be the first derivative of p**4/4 - 17*p**3/3 - 43*p**2/2 - 44*p + 18. What are the prime factors of n(20)?
2, 37
Suppose -5*n - 1 + 21 = 0. Let q(a) = -n + 5 + 7 + 1 + 4*a. List the prime factors of q(9).
3, 5
Let l(n) = 17*n - n**3 - 4*n**2 + n - 41 + 21*n**2. Suppose -t - 35 + 56 = g, -2*t + 38 = g. List the prime factors of l(t).
5, 53
Let l(s) = -180*s - 167. What are the prime factors of l(-11)?
7, 37
Suppose 55*r = -56*r + 133*r - 229438. List the prime factors of r.
10429
Let y(q) = 1439*q - 3745. List the prime factors of y(11).
2, 3, 19, 53
Let m be 1/(1/7)*-2. Let u be (-34 + 9*4/(-6))/1. Let v = m - u. What are the prime factors of v?
2, 13
Let j(q) = -2*q**3 - q**2 - q + 39. Let f be j(-6). Suppose -z - 94 = -a, f = 3*a + 2*z + 144. List the prime factors of a.
97
Let k(t) = -2*t**3 - 5*t**2 - 6*t - 4. Let a be k(-2). Suppose 2*x - 417 = y + 84, -y - 997 = -a*x. List the prime factors of x.
2, 31
Let s be 42 - -2 - (-6 + (-3 - -8)). Let k = 47 - s. Suppose 0 = -3*x + k*g + 470, -5*x + 4*g = -97 - 689. List the prime factors of x.
2, 7, 11
Let r(q) = 12*q**2 + 23*q + 1047. List the prime factors of r(-37).
2, 1039
Suppose -7*d - 1453 = 444. Suppose 58 = 2*u + 4*l + 384, -4*u - 634 = 2*l. Let h = u - d. What are the prime factors of h?
2, 3, 19
Let d be 2/(-11) + (-312)/(-22). Let y(h) = 3*h - 39. Let l be y(d). Suppose 56 - 443 = -3*g - 3*b, -530 = -4*g + l*b. List the prime factors of g.
131
Let c(v) = 797*v**2 - 29*v - 64. Let f be c(-2). Suppose 50*x - 45*x + 5*b = 3980, -4*x - 2*b + f = 0. List the prime factors of x.
3, 5, 53
Let z(l) = 23*l**3 + 19*l**2 - 3*l + 64. List the prime factors of z(5).
3, 11, 103
Suppose -3*w = 12, v - 561*w = -560*w + 68494. What are the prime factors of v?
2, 3, 5, 761
Let z(w) = -26*w + 32. Suppose -10*h = 91 - 11. Let o be z(h). Suppose 176 + o = 2*g. What are the prime factors of g?
2, 13
Suppose 475*w = 470*w - 20, 2*d - 5*w - 103566 = 0. What are the prime factors of d?
23, 2251
Let a(s) = -8*s - 7. Let x be a(-2). Let m = -6 + x. Suppose -5*r = o - 0*r - 84, 0 = m*o + 2*r - 187. What are the prime factors of o?
59
Let k = -2114 - -354. Let u = -989 - k. List the prime factors of u.
3, 257
Let z be (-57)/(16/(-3) + 5). Let o = -157 + z. List the prime factors of o.
2, 7
Suppose 4*x - 5*d = -4 - 17, -3*x = 4*d - 23. What are the prime factors of ((-17)/(-34))/(x/1030)?
5, 103
Suppose 2*h = 2*h - 6*h. Suppose h = -l + 2*y - 3 - 3, -5*l + 40 = 4*y. Suppose 4*q - 422 = -f, 2*q + 220 = l*q - 4*f. List the prime factors of q.
2, 53
Suppose 108 = -5*w + 3*w. Let r = w - -26. What are the prime factors of (-1 + 19)*(-126)/r?
3
Let l(h) be the second derivative of h**3/6 + 157*h**2/2 + 78*h - 3. What are the prime factors of l(-15)?
2, 71
Let p = -3518 + 25382. What are the prime factors of p?
2, 3, 911
Let b(n) = -3*n**2 + 20*n + 47. Let q be b(-10). Let u = -260 - q. List the prime factors of u.
193
Let x(w) = -w**2 - 8*w - 10. Let n be x(-9). Let y(d) = d**3 + 20*d**2 - d - 1. What are the prime factors of y(n)?
379
Let u(n) = 58*n**2 - 11*n + 24. Let g = -88 + 92. List the prime factors of u(g).
2, 227
Let u(h) = 152*h - 899. List the prime factors of u(19).
3, 13, 17
Let u = 162739 - 75573. What are the prime factors of u?
2, 41, 1063
Suppose -13*t - 3 = -14*t. Suppose -2*s = t*q - 206 - 188, 5*q - 2*s - 646 = 0. Suppose h - q = -31. What are the prime factors of h?
3, 11
Let a = -466 + 491. List the prime factors of 6270/a + (-78)/(-65).
2, 3, 7
Let l = 78729 - 53762. List the prime factors of l.
24967
Suppose 3*d + 2*d - 20 = 0, 4*d - 6 = y. Let p = -10 + y. Suppose p*h + 5*h = -3*s + 405, -5*s - 53 = -h. List the prime factors of h.
2, 3, 13
Suppose -a + 61666 = 2*r, 5*a - 35 = -45. What are the prime factors of r?
2, 3, 571
Suppose -5*h - 75 = 35. Let u(t) = -t**2 - 41*t - 85. List the prime factors of u(h).
3, 37
Suppose 0 = -22*n + 11*n + 22869. Suppose 16*r - 7*r - n = 0. What are the prime factors of r?
3, 7, 11
Let s = 22082 + -21320. List the prime factors of s.
2, 3, 127
Suppose -57*k + 53*k = -4240. Suppose k = 3*b - 410. List the prime factors of b.
2, 5, 7
Suppose 0 = p + u + 5, 6 = -5*u - 4. Let a be -6*((-45)/6 + -2). Let r = p + a. List the prime factors of r.
2, 3
Suppose 0 = -2*i + 3*i, -5*s - i = -135. Suppose 2*r + 4*t = 438, 12 = 3*t + s. List the prime factors of r.
229
Suppose -14*x + 21 = -11*x. Suppose 916 = x*w - 5*w. List the prime factors of w.
2, 229
Suppose 0 = 14*i - 9090 - 990. Let m = 1093 - i. What are the prime factors of m?
373
Let g = -598 - -8304. List the prime factors of g.
2, 3853
Let l(w) = -w**3 - 4*w**2 + 10*w - 8. Let y be l(-6). Suppose -5*h = 25, 15*h = -y*j + 10*h + 935. What are the prime factors of j?
2, 3, 5
Let l(y) = 21*y**2 + 34*y - 44. What are the prime factors of l(9)?
13, 151
Let o be (-12)/8*(-24)/9. Suppose -10 = -2*t - o*y, 4*y = -t + 2*t + 7. List the prime factors of -20 + 19 + t*27.
2, 13
Let i(p) = 31*p**2 + 68*p + 11. Suppose 7*f - 10 = 25. List the prime factors of i(f).
2, 563
Let i be 1*(7 - 16003)/(-6). Suppose i + 10622 = 11*o. List the prime factors of o.
2, 151
Let j be ((-3)/(-12) - 1/4)/(-1). Let p = 15 - j. What are the prime factors of (168/(-10))/(p/(-50))?
2, 7
Let z(q) = 12 + 19*q - 10*q + 0*q**2 - q**2 + 4*q**2. Suppose 5*a + 3*c + 13 + 12 = 0, 0 = 3*a + 4*c + 15. What are the prime factors of z(a)?
2, 3, 7
List the prime factors of ((-3219)/2)/((-34)/(14280/18)).
5, 7, 29, 37
Suppose 0 = 13*s + 3*c - 102237, -4*s - c + 31458 = -0*c. What are the prime factors of s?
3, 2621
Suppose -38 = 3*f + 7*a - 6*a, -a - 51 = 4*f. Let z = 77 + f. List the prime factors of z.
2
Suppose 45*i + 3*o = 41*i + 106749, i = 2*o + 26668. What are the prime factors of i?
2, 3, 4447
Let f(k) = 16*k**2 + 31*k + 571. What are the prime factors of f(-14)?
3, 1091
Let l(t) = -2*t**2 + 10*t - 12. Let r be l(3). Suppose 20*n - 8*n - 6612 = r. What are the prime factors of n?
19, 29
Let t = -28597 - -49513. What are the prime factors of t?
2, 3, 7, 83
Let o(t) = 3*t**2 + t - 7. Let b(w) = -2*w**3 + 2*w**2 - 1. Let c be b(-2). Let d = c - 18. What are the prime factors of o(d)?
73
Suppose -48*j - 55*j - 30732 = -129*j. List the prime factors of j.
2, 3, 197
Let r(z) = -37*z**3 + 2*z + 38*z**3 + 4*z**2 - 19 + 3*z**2 - 8. Let l be r(-5). Suppose 15*c - 478 = l*c. What are the prime factors of c?
239
Let o(g) = g**2 + 2*g + 9. Let s be 0/((1 - 0)*3 + -1). Let h be (s - 11)/(-3 - -2). What are the prime factors of o(h)?
2, 19
Suppose -2*m - 11 = 9. What are the prime factors of 6 + (m + 4 - -2) - -520?
2, 3, 29
Let f be (98/(-42))/(1/3). Let a = f - 200. Let r = -86 - a. What are the prime factors of r?
11
Let m(g) = -4*g**2 + 22*g + 10. Let s be m(6). List the prime factors of -1*(8 + (s - 1273)).
7, 181
What are the prime factors of (24436/16)/(12/48)?
41, 149
Let l(g) = -g**3 - 26*g**2 - 13*g - 26. Let t be l(-26). Suppose -783 + t = -k + 4*w, 15 = 5*w. List the prime factors of k.
3, 7, 23
Let q(m) = 411*m - 2429. List the prime factors of q(15).
2, 467
Suppose -58*v = -300*v + 5670568 - 1553664. List the prime factors of v.
2, 4253
Let g = -2 + 8. Let q be (g/(-12))/(1/(-274)). Suppose -6*x = -73 - q. What are the prime factors of x?
5, 7
Suppose -5*o + 2*j - 24 = 0, o + 4*j = -0 + 4. Let t be 3 - ((-2 - o) + -2). Suppose 4*p - h - 688 = -t*h, 0 = -h. What are the prime factors of p?
2, 43
Suppose 4*r = 4*z - 35 + 11, 3*z + 3*r - 12 =